*3 - 3*j**2 - 3*j + 6. Let v be y(a). Suppose -1 = q - v. List the prime factors of q.
3
Suppose -8 - 40 = -4*s. What are the prime factors of s?
2, 3
Let f = 270 - 24. Let j be f/(-9) - 2/3. List the prime factors of (-8)/j + 26/7.
2
Suppose 9 = h - 6. Suppose v = 0, -2*n + v = n - h. List the prime factors of n.
5
Let y(p) = p**3 - 7*p**2 - 5*p - 2. Suppose -23 = -3*l + 1. What are the prime factors of y(l)?
2, 11
Let y(a) = a + 31. List the prime factors of y(-9).
2, 11
Let w be 5/1 - 0/3. Suppose -5*h - 70 = -5*j, -6*h + w*h - 27 = -2*j. List the prime factors of j.
13
Suppose -14 = 4*h - 2. Let n(l) = -l**2 - 8*l - 4. Let t be n(-6). Let a = t + h. What are the prime factors of a?
5
Suppose -52 - 47 = -3*k. List the prime factors of k.
3, 11
Suppose -3*o + 360 = -0*o - 4*z, -2*z + 254 = 2*o. What are the prime factors of o?
2, 31
Let l(u) be the first derivative of -u**4/4 - u**2/2 + u + 1. Let k be l(0). Suppose -21 = -2*p - k. What are the prime factors of p?
2, 5
Suppose 3*r + 16 = -f, -8*r + 4*r = -f - 2. Let b = f + 22. What are the prime factors of b?
2, 3
Let c be 4608/(-40) + 2/10. List the prime factors of c/(-25) + 2/5.
5
Let k = 5 - -10. What are the prime factors of k?
3, 5
Suppose -3*c - h + 4*h + 504 = 0, -3*h - 160 = -c. List the prime factors of c.
2, 43
Suppose 4*w - 3*w = -2*y, 0 = 3*w + y + 5. Let o be (2/4)/((-1)/w). List the prime factors of ((-9 - -1) + o)/(-1).
7
Let a = 36 + 0. What are the prime factors of a?
2, 3
Let o be (27/18)/((-2)/(-20)). Let u = o + -2. What are the prime factors of u?
13
Let s(b) = -b**2 + b + 2. Let v be s(-3). Let a = 21 + v. List the prime factors of a.
11
Suppose g = 3*g. Suppose -5*c + 3*c + 40 = g. What are the prime factors of c?
2, 5
Let m(a) = a**2 - a - 2. List the prime factors of m(-4).
2, 3
Suppose 2*z = -3*c + 98, -3*z = c + 2*z - 24. Suppose -c = -2*l - 6. What are the prime factors of l?
2, 7
Let t be (-4)/(-16) + 22/8. Let c(y) = -y**3 + 4*y**2 - 2*y + 3. Let w be c(t). Suppose 12 = 3*h - w. What are the prime factors of h?
2, 3
Suppose -3*r = -2*r + 21. Let j = r + 30. List the prime factors of j.
3
Let w be (-10)/6 - 2/6. List the prime factors of (-1 - 1)/(w/9).
3
Let b(s) = s**3 - 11*s**2 - 7*s + 30. What are the prime factors of b(12)?
2, 3, 5
Suppose 0 = -3*o + 3, -4*o = 5*x + 9 + 7. Let k = x + 11. What are the prime factors of k?
7
Let o(c) be the third derivative of -c**6/120 - c**5/20 - c**4/24 - c**2. Let v be o(-3). List the prime factors of 7 + v + -2 + -3.
5
Suppose 4*h - m = -3*m + 70, -m = -4*h + 85. Suppose 0*n - h = -4*n. List the prime factors of n.
5
Let u(v) = v**3 + 4*v**2 + 3*v + 3. Suppose -4*k + 0 = -2*m - 38, -m = -3*k + 30. Let n = 8 - k. List the prime factors of u(n).
3
Let b(d) = -d + 8. Suppose -4*v + 24 = -4*n, 3*n + 31 = 4*v + 7. Let k be b(v). Suppose 4*t = k*t + 14. List the prime factors of t.
7
Let k(q) = 2*q**3 - 7*q**2 + 4*q - 12. What are the prime factors of k(6)?
2, 3
Let k be 3*((-8)/(-3) - 2). Let i be 65/10 + k/(-4). Suppose i*q - 33 = 3*q. What are the prime factors of q?
11
Let q = 90 + 35. What are the prime factors of q?
5
Let n(w) = w**3 - 5*w**2 + w + 3. List the prime factors of n(7).
2, 3
Let x(j) = -j**2 - 5*j - 1. Let m be x(-4). Suppose d = s, 5*s = -3*d - 0*s. Suppose d = 5*c - t - 46, c + m*t = 4*c - 30. What are the prime factors of c?
3
Let l(y) be the first derivative of -y**4/4 - 8*y**3/3 + 3*y**2 - 6*y - 4. List the prime factors of l(-9).
3, 7
What are the prime factors of (-25)/(-2)*90/25?
3, 5
Suppose 454 = 2*s - 4*f, 653 = 3*s - 0*s + f. List the prime factors of s.
3, 73
Suppose x = 15 - 8. What are the prime factors of x?
7
Let q(p) = 2*p + 2 - 3*p + 8. List the prime factors of q(6).
2
Let l(k) be the second derivative of k**5/20 - 7*k**4/12 - k**3 - 3*k**2 + 2*k. Let j be l(8). Let q = -6 + j. List the prime factors of q.
2
Let l = 8 - 6. Suppose -l*j - 30 = -92. What are the prime factors of j?
31
Let z = -13 + 7. Let u(k) = -k**3 - 5*k**2 + 4*k + 7. What are the prime factors of u(z)?
19
Let o = -2 + 5. Suppose -o*q - 10 = 2*q. List the prime factors of 9/6 - 1/q.
2
Suppose -g + 2*a + 51 = 0, -2*g - 6*a + 2*a = -142. What are the prime factors of g?
61
Suppose -4*i + 0 = 3*v + 2, -v = i. Suppose 0 = -5*f + v*r + 115, r + r = -3*f + 69. What are the prime factors of f?
23
Let o be (-4 - -1)*(-16)/12. Suppose -2*i - o*d + d = -12, 3*i - 3*d - 3 = 0. List the prime factors of i.
3
Suppose -26 = -5*c + 94. What are the prime factors of c?
2, 3
Let x = 101 + -32. List the prime factors of x.
3, 23
Let o = -208 - -311. What are the prime factors of o?
103
Let o(p) = -2*p**3 - p**2 - p - 2. List the prime factors of o(-3).
2, 23
Suppose -i = -3*n + 9 + 4, 2*n + 3*i - 16 = 0. Suppose -n*t + 3 = -7. Suppose 3*w = t*w + 15. What are the prime factors of w?
3, 5
Let r = 7 - -17. List the prime factors of r.
2, 3
Let j(u) = 0 - 2 + 0 - 3*u. Let l be j(-5). Let o = -6 + l. What are the prime factors of o?
7
Let z = 21 + -15. Let w(g) = g**3 - 7*g**2 + 7*g - 3. What are the prime factors of w(z)?
3
Let w = -151 + 358. List the prime factors of w.
3, 23
Let i(s) = 11*s - 11. List the prime factors of i(5).
2, 11
List the prime factors of 157 + (2 - 0) + 3.
2, 3
Suppose -12*h = -4*h - 224. What are the prime factors of h?
2, 7
List the prime factors of (3/(-1))/3 + 83.
2, 41
Suppose 0 = 3*o - 4*j - 115, 4*o - 8*o = 3*j - 145. Let n = o + -13. List the prime factors of n.
2, 3
Suppose -5*s - 2*l + 25 = -0, -60 = -5*s + 5*l. List the prime factors of s.
7
Suppose 0 = 3*y + 9 - 24. Let c = y - -2. Let v(r) = 2*r + 5. What are the prime factors of v(c)?
19
Suppose -3*x - 9 = 0, 3*c - 17 = 2*c - 3*x. Suppose 0 = -3*u - 2*b + 22, 0 = u - 3*b - c + 4. What are the prime factors of u?
2, 5
Suppose 0*r - 4*g = 3*r - 188, 0 = -2*g + 10. What are the prime factors of r?
2, 7
Suppose 0 = -2*m + 7*z - 2*z + 691, -2*m - 3*z = -683. What are the prime factors of m?
7
List the prime factors of (1/1)/((-1)/(-27)).
3
Let z = -7 - -10. Let a be (z/(-2))/(12/(-64)). Suppose -2*p - 2*p + a = -d, d - 7 = p. List the prime factors of d.
2, 3
Let h(j) = j**3 + 5*j**2 + j - 5. Let w be h(-5). Let y be (w - 4)/(-2*1). Suppose -2*l = -m - 17, -2*m = -5*l - y*m + 35. List the prime factors of l.
2
Suppose -4*c = -4*x, 3*x + c - 6 = 2*x. Suppose 5*g = -3*i + 65, x*g + i = 7*g - 52. List the prime factors of g.
13
Suppose -2*m + 102 = 12. Suppose 5*b - 155 + m = 0. Suppose -2*d + 0*d + b = 0. List the prime factors of d.
11
Suppose -3*i - 6 = -i. Let u = i - -13. List the prime factors of u.
2, 5
Let a be -4*(-3*1 + 2). Suppose 20 + 16 = a*l. What are the prime factors of l?
3
Suppose 1 = -5*v + 2*d + 7, -4*v + 3*d + 9 = 0. Suppose -4*q = -v*q - 44. List the prime factors of q.
11
Suppose -1791 = 5*t - 14*t. What are the prime factors of t?
199
Let j = -13 - -46. What are the prime factors of j?
3, 11
What are the prime factors of 1/((-2)/(-26)*1)?
13
Let z be 37 - (-2 + 0 + 1). What are the prime factors of z/4 + 1/2?
2, 5
Suppose -4*a + 233 = -11. List the prime factors of a.
61
Let u(j) = -6*j - 6. Let v(i) = -7*i - 7. Let q(z) = 6*u(z) - 5*v(z). Suppose -5*x + 0 = 4*n - 3, 0 = -4*n + 2*x - 18. List the prime factors of q(n).
2
Let x(g) = g**2 - g. Suppose 0 = 5*q + 12 - 42. Let n(v) = 5*v**2 - 6*v. Let p(o) = q*x(o) - n(o). What are the prime factors of p(-3)?
3
Let d be (1 - 1)*(1 - 0). Suppose d = n + 3*n - 8. Suppose -z + 14 = k, -5*z - n*k + k = -50. List the prime factors of z.
3
What are the prime factors of (1/(-3))/((-2)/204)?
2, 17
Suppose -2*r + 3*p = -13, -r - 2*r + 21 = -4*p. Suppose 4*b = r + 1. Suppose b*t - 16 = 11. List the prime factors of t.
3
Let b be 1 + -1 + (-22)/(-2). List the prime factors of b*1 - (-2)/(-1).
3
What are the prime factors of (-3)/(6/(-4)) + 105?
107
Let c be 642/9*3 - -1. Suppose c = 5*o + 5*q, 5*o + 3*q - 4*q - 185 = 0. Suppose 0 = -4*a - 10 + o. List the prime factors of a.
7
Let q(c) = c**3 - 8*c**2 + 9*c - 6. Let s be q(7). Suppose 4*w - 2*w - s = 0. Let v = 11 + w. What are the prime factors of v?
3, 5
Let c = 1 + 0. Let p be (3/(-6))/(c/(-6)). Let k = p - -7. List the prime factors of k.
2, 5
Suppose -4 - 16 = -5*o. Let d(s) = -s - 1. Let t be d(o). Let q = 2 - t. List the prime factors of q.